be i(l). Suppose -5*r + k = a, r - 3*r + 22 = 2*a. What are the prime factors of a?
2, 5
Suppose v = 2*v - 55. Suppose -2*h - 5*m = -v, m = 3*h + 6*m - 70. What are the prime factors of h?
3, 5
Let s(k) = 2*k**2 + 14*k + 12. What are the prime factors of s(-9)?
2, 3
Suppose -3*a = 3*n - 786, -n - 260 = 18*a - 19*a. List the prime factors of a.
3, 29
Suppose 2*x = -2, -g + x - 4 = 4*g. Let y be -8*(g - -2)*-1. Suppose -2*b = -3*b + y. List the prime factors of b.
2
Suppose 6 = -k + 2*k. Let a = k + 23. List the prime factors of a.
29
Suppose -125 = 13*z - 14*z. What are the prime factors of z?
5
Suppose -10 = -2*p - 2. Let k(g) = -8*g + 8. Let l(y) = 7*y - 7. Let h(a) = p*l(a) + 3*k(a). List the prime factors of h(3).
2
List the prime factors of ((5 - 6) + -2)/((-3)/33).
3, 11
Suppose 3*l - 4 = 2*l. Suppose -i + 25 = l*i. What are the prime factors of i?
5
Suppose -7*r - 2*r + 207 = 0. What are the prime factors of r?
23
Let h = -23 + 66. What are the prime factors of h?
43
Let k = 196 + -18. What are the prime factors of k?
2, 89
Suppose -f = 5*z - 4*z - 6, 5*f - 5*z - 50 = 0. What are the prime factors of f?
2
Suppose 23*q - 26*q = -150. What are the prime factors of q?
2, 5
Suppose 10 - 110 = -4*w. What are the prime factors of w?
5
Let w be 3/(3 + 3/(-2)). Suppose 0*s + 10 = w*s. What are the prime factors of s?
5
Suppose -q - 8 = -2. Suppose p - 2*s + 22 = -6*s, 5*s + 18 = -p. What are the prime factors of p/q + 4/6?
7
Suppose g - 8 = -3*g + 2*k, -3*k = -g - 3. Suppose -g*m + 15 = 6. Suppose 2*l - m = 25. What are the prime factors of l?
2, 7
Suppose 12 = 4*s - 28. Let q = s + -8. List the prime factors of q.
2
Let a(i) = -7*i**3 + 13*i**2 - 13*i + 8. Let y(b) = 4*b**3 - 7*b**2 + 7*b - 4. Let w(f) = -3*a(f) - 5*y(f). Let l = 7 + -3. What are the prime factors of w(l)?
2, 3
Suppose 4*u = 5*u + 58. Let i = u - -96. List the prime factors of i.
2, 19
Suppose -f - 11 = -5*x, 3 + 7 = 4*f - 2*x. Suppose 0*b - 36 = -f*b. What are the prime factors of b?
3
What are the prime factors of (140/21)/(2/12)?
2, 5
Suppose -6 + 0 = v - 2*t, 0 = 4*t - 16. List the prime factors of -3*2*(v - 5).
2, 3
Suppose 0 = w - 3*n - 5, 2*w = -2*w - 4*n - 12. Let g be 1/w + (-6)/(-2). Let h = 4 + g. What are the prime factors of h?
2, 3
Let z = 36 - -14. What are the prime factors of z?
2, 5
Suppose 25 = 3*m + 2*m. Suppose -n + 26 = m*x, -4*n = 2*x + 3*x - 74. Suppose 4*k = 40 - n. What are the prime factors of k?
2, 3
Suppose -y + 55 = 4*f, -y = 3*f - 49 + 9. List the prime factors of f.
3, 5
Let a(x) = -45*x - 5. List the prime factors of a(-4).
5, 7
Let t be 2*-1 - (-4 - -46). What are the prime factors of (5/2 + -3)*t?
2, 11
Let s(j) = 2*j + 18. What are the prime factors of s(-6)?
2, 3
Let u(f) = 2*f - 4. Let t(z) = -7*z + 11. Let n(y) = 4*t(y) + 11*u(y). What are the prime factors of n(-1)?
2, 3
Suppose p - 2 = 0, -b + p + 2 = 4*p. What are the prime factors of (-26)/b - 1/(-2)?
7
Let k(l) = -l**2 + l. Let n(s) = -s + 12*s - 6*s**2 - 1 - 4. Let j(r) = -5*k(r) + n(r). What are the prime factors of j(4)?
3
Let i(n) = n**2 - 5*n - 4. Let d be i(6). What are the prime factors of 24 + -6 + (d - -1)?
3, 7
Let g be 4 - (2 - (0 - 0)). Suppose -g*n = -7*n. What are the prime factors of (-1 - -2) + (n - -10)?
11
Let s(m) = 5*m - 16. Let t be s(5). Suppose 0 = 8*r - 5*r - t. List the prime factors of r.
3
Let d = 125 - 68. Suppose -5*k + d = 5*h - 18, -48 = -2*h + 4*k. What are the prime factors of h?
2, 3
Let r be -6*(1 - 34/3). Suppose -7*q + 5*q = -r. List the prime factors of q.
31
Let v(j) = 11*j - 2. Let i be (2 + -2 + -3)*-1. List the prime factors of v(i).
31
List the prime factors of 2/(-10) - 242/(-10).
2, 3
Let y be 2/(-9) - 172/36. Let k = y - -9. Suppose 5*o + 13 = 4*p, 0*p + 16 = 4*p - k*o. List the prime factors of p.
7
Let f(d) = -d**2 - 6*d + 6. Let u be f(-6). Let r = 5 + 0. Suppose 0 = -r*y - 5*i + 55, 5*y - 47 = 2*i - u. What are the prime factors of y?
3
Let p = 4 + -1. Suppose -5 - p = -2*t. List the prime factors of t.
2
Suppose 0 = -5*u + 12*u - 546. What are the prime factors of u?
2, 3, 13
Suppose -5*j + 5 = 15. What are the prime factors of 2 + j + 21 + 3?
2, 3
Let s = 9 + -23. Suppose 3*v = 6*v - u + 8, 4 = 2*u. Let h = v - s. List the prime factors of h.
2, 3
Let t(b) = 11*b**3 + b**2 - b + 1. Let v be t(1). Suppose -m - 2*m - v = 0. List the prime factors of 11 + 3 + m/2.
2, 3
List the prime factors of 2/((-4)/(-250)) + 1.
2, 3, 7
Let x = 135 - -17. List the prime factors of x.
2, 19
Suppose -10 = -j - j. Suppose 0 = -j*s - 26 + 106. What are the prime factors of s?
2
Let q be ((-66)/(-3 + 0))/2. Let l = q - 19. What are the prime factors of -3*1*l/6?
2
List the prime factors of 5/(-35) - (-184)/14.
13
Suppose 5*o = -4*v - 35, 12 + 1 = -v + 3*o. What are the prime factors of (24/v)/(3/(-20))?
2
Suppose 6 = -5*g + 2*g. What are the prime factors of g + 1/((-1)/(-8))?
2, 3
Let z(d) be the second derivative of -d**4/24 + d**3/2 - d**2/2 + 2*d. Let o(n) be the first derivative of z(n). List the prime factors of o(-4).
7
Let b(n) be the third derivative of -23*n**6/120 + 3*n**2. List the prime factors of b(-1).
23
Let r(v) = v**3 + 8*v**2 + 8*v + 1. Let d be r(-7). Let j(a) = -2*a - 5. What are the prime factors of j(d)?
7
Let y = 27 - 6. Suppose 0 = -4*j - 4*b + y + 15, 5*b - 3 = j. List the prime factors of j.
7
Let y(k) = 5*k**2 + 7*k - 11. What are the prime factors of y(-7)?
5, 37
Let q(s) = -8*s - 2. List the prime factors of q(-14).
2, 5, 11
Let q = -11 - -6. Let g(w) = -5*w + 8. Let m(o) = 5*o - 9. Let r(x) = q*m(x) - 6*g(x). What are the prime factors of r(2)?
7
Let a(l) = -l**3 + 8*l**2 + 2*l + 8. What are the prime factors of a(6)?
2, 23
Let q(c) = -c**3 - 6*c**2 + 3*c - 3. Let i be q(-7). Suppose 0*j = -2*j - 10, -5*v - 4*j + i = 0. What are the prime factors of v?
3
Let t = -2 + 1. What are the prime factors of 10 - (-3 + 0 - t)?
2, 3
Let n(h) = -6*h - 3. List the prime factors of n(-12).
3, 23
Let l be 2/(-7) + (-80)/(-35). Let v = 2 + l. Suppose v = y - 2. List the prime factors of y.
2, 3
Let g = -7 - -7. Suppose -4*l - 28 + 8 = g. Let k = 9 + l. What are the prime factors of k?
2
Suppose 3*i - 24 = 6. What are the prime factors of i?
2, 5
Suppose 0 = 8*r - 16 - 16. Let d(z) = -z - 2. Let c(n) = -1. Let x(h) = 4*c(h) - d(h). List the prime factors of x(r).
2
Suppose -9*a + 2*a = -189. What are the prime factors of a?
3
Let y be (59/2)/((-1)/(-2)). Suppose 3*p - k = 41 + y, -k - 164 = -5*p. Suppose -n = 3*n - p. What are the prime factors of n?
2
Suppose 4*w - 2*y - 50 = 0, 2*y = -3*w + y + 35. List the prime factors of w.
2, 3
Let z(y) = -y**3 + 3*y**2 + y - 1. Let j be z(3). Suppose 0 = j*i + 3*i - 15. Suppose 3*x + 4*h + 11 = 48, -i*h + 36 = 3*x. List the prime factors of x.
11
Let x = -3 - -4. Suppose 0 = -2*o + x + 3. Suppose -4*w + 5*i + 11 + 14 = 0, -5*w - o*i = -56. What are the prime factors of w?
2, 5
Let i(y) = -3 - 5*y - 13*y + 0. Let r be i(-2). Suppose 6*m - r = 3*m. What are the prime factors of m?
11
Suppose 3*w - 18 = -0*w. What are the prime factors of w?
2, 3
Let x(l) = 11*l**2 + l + 1. Let r(o) = o - 5. Let w be r(4). Let y be -2 - (1 + -1 + w). What are the prime factors of x(y)?
11
Let n = -14 + 49. List the prime factors of n.
5, 7
Let j(t) = t + 26. Let y be j(-11). Suppose -y = 3*c + 12. Let o(z) = z**2 + 6*z - 13. List the prime factors of o(c).
2, 7
Suppose 0 = 3*b - 55 + 13. Suppose 4*m - 22 = k, -5*k - 4*m - b = -0*k. What are the prime factors of (k + 1)/(-1*1)?
5
Let k be -3 + 2 + (2 - 2). What are the prime factors of 10/(-2)*(k - 4)?
5
Suppose -5*s + 3*s = -4. Suppose -6 + 0 = 4*z + v, -s*z - 8 = 3*v. What are the prime factors of z/(2*3/(-24))?
2
What are the prime factors of (-8)/(-20)*5 - -131?
7, 19
Suppose 0*l + 3*k = 3*l + 6, -4*l + 28 = 5*k. Suppose -8 = -l*d, 3*d - 17 = 3*v - 8. Suppose 9 + v = 5*h. What are the prime factors of h?
2
Suppose 0 = -6*y + y - 10. Let b(q) = -q**3 - q**2 - q - 2. Let l be b(y). Suppose -2*w - d + 18 = 0, 2*w - l*d + 5 = 23. List the prime factors of w.
3
Let q(y) = 8 - 2*y**2 + y**3 + 3*y**2 + 7*y**2 + 7*y. Let l be q(-7). Let b = -5 + l. List the prime factors of b.
3
Suppose 12 = 3*z + z + 2*a, 0 = -a + 4. Let t be 0 - (-2*z - -3). Let v = 3 + t. List the pr